, 103, 127
Let x(g) = 2*g + 2420 + 0*g - 2421. Let o be x(2). List the prime factors of o/(((-1)/8)/(1/(-6))).
2
Suppose z + 5*c = 170, 5*c - 4*c + 494 = 3*z. Let p be z/(-2)*(-48)/(-30)*-1. Suppose -p = 3*x - 396. List the prime factors of x.
2, 11
Let y be 2/(-3)*(-171)/6. Suppose 460 = -y*c + 17*c. What are the prime factors of c/(-3) - 1/(-3)?
7, 11
Let u = -3 + 27. Let i = -47 + u. List the prime factors of (-1219)/i - 1*3.
2, 5
Suppose -2*t - 12 = -3*w, t - 5*w + 20 = 2*t. What are the prime factors of -474*(4/1 - t - 5)?
2, 3, 79
Suppose -6*r - 2*h - 84 = -2*r, 0 = -r + 4*h - 21. List the prime factors of (-36)/378 + (-443)/r.
3, 7
Let m = -13 + 34. Suppose -15 = -3*v - 3*n, 4*v = -5*n + m - 1. Suppose 3*b - v*b - 62 = -4*z, 0 = -5*z - 4*b + 71. List the prime factors of z.
3, 5
Let a(s) = 38*s + 727. Let f be a(-19). Let x(c) = 19*c**2 - 2*c + 2. Let j be x(2). Suppose 3*r - 4*z = 111, j = -2*r + 4*r - f*z. List the prime factors of r.
37
Let l = 28541 - 9490. List the prime factors of l.
19051
Let k be (1/(-2))/(4/5088). Suppose u + 5*j = 23, 4*u = -u + 3*j + 31. What are the prime factors of k/(-21) + (u/(-7))/4?
2, 3, 5
Suppose -70548 = 63*t - 93*t + 158322. What are the prime factors of t?
3, 2543
Suppose 201*j - 203*j - 960 = 0. Let d = j + 1003. What are the prime factors of d?
523
Let h be (-12949)/(-92)*((-2)/2 + 5). Suppose h = 3*x - 637. List the prime factors of x.
2, 5
Let i(c) = 15*c**2 + 19*c + 11. Let n be i(5). Suppose -8*s + 167 = -n. What are the prime factors of s?
3
Suppose -32*s + 104626 = 14*s - 618586. What are the prime factors of s?
2, 7, 1123
Let s = 4624 + -1452. What are the prime factors of s?
2, 13, 61
Let p(x) = 27*x - 2 - 27 + 1 - 19*x**2 - x**3. Let u(n) = -966*n - 3885. Let q be u(-4). List the prime factors of p(q).
7, 41
List the prime factors of ((-545)/(-3270))/((-384350)/(-384348) - (-1)/(-1)).
32029
Let n be (-1384)/6 + (-6)/(-9). Let b(q) = -408*q**3 + 3*q**2 - 19*q + 18. Let c be b(1). Let l = n - c. What are the prime factors of l?
2, 11
List the prime factors of (3452793/(-545))/(22/(-10) - -2).
3, 10559
Let s = -82 - -123. Let i = s + -38. Suppose 4*c + 2*b - 175 = b, i*c - 2*b - 123 = 0. List the prime factors of c.
43
Suppose 4*p + 21866 = 11*p - 7527. List the prime factors of p.
13, 17, 19
Suppose 4*g = 6*g. Suppose 2*v + 2*d - d - 6 = 0, g = 2*d - 4. Suppose 2*y - 200 = v*m, -3*m + 0 = -6. List the prime factors of y.
2, 3, 17
Suppose m + 3 = 0, -3*r - 28*m = -24*m - 128433. List the prime factors of r.
5, 8563
Let f(h) = h + 2. Let y be f(7). Suppose y = -x + 13. Suppose -5*l - 2*n + 135 = 0, -5*l - x*n - n = -150. List the prime factors of l.
5
Suppose -u - 2*u + 2*w = 0, 2*w + 10 = -2*u. Let c be (u - -11)*(-3)/(-9). Suppose 0 = c*k - 0*k - 321. List the prime factors of k.
107
Suppose -9*d + 68 = -49. List the prime factors of (-12460)/(-15) + d/39.
3, 277
Suppose -2*c - 4*k = -4 - 2, -2*c + 5*k = -51. Suppose -440 = 2*p - c*p. What are the prime factors of p - (3 + 16/(-4))?
41
Suppose 0 = -99*j + 101*j - 86. Suppose -12 = -j*g + 39*g. Suppose -g*f + 135 = 48. List the prime factors of f.
29
Suppose -5*y - 3*q = 84, y - 3*q - 2 + 8 = 0. What are the prime factors of (1378/78)/((-1)/y)?
5, 53
Let h(k) = -k**3 + 39*k**2 + 4*k - 137. What are the prime factors of h(27)?
8719
Let c = 8803 + -5934. What are the prime factors of c?
19, 151
List the prime factors of (-9)/((1638/(-49840))/39).
2, 3, 5, 89
List the prime factors of (-780)/(-234) - (-17498)/3.
2, 1459
Suppose -15*l + 2*l + 36901 + 47521 = 0. List the prime factors of l.
2, 17, 191
Let s = -402 - -430. Suppose 1952 = s*u - 12*u. What are the prime factors of u?
2, 61
Suppose 10*i = 1 - 41. Let b be 75*i/(-18)*504/20. Suppose 3*p + l = 331, 6*l + b = 4*p + 2*l. List the prime factors of p.
109
Suppose c - 5*o - 23 = 0, -4*c + 6*c - 14 = 2*o. List the prime factors of (c - 1) + -5 + 42.
3, 13
Let w(n) = -n**2 - 10*n - 15. Let b = -49 - -34. Let v = -21 - b. What are the prime factors of w(v)?
3
Suppose 4*g + 3*h = 8*h + 6280, 0 = -4*g + 2*h + 6292. List the prime factors of g/6 - 3/(-2).
2, 3, 11
Let x = -734 + 845. Suppose -2*l = -2*r - 676, 3*r + x + 1236 = 4*l. List the prime factors of l.
3, 37
Suppose k - 19 = -5*t, t - 11 = -2*t - k. Let j be t/(16/(-284))*-2 - -4. Suppose 2*b = 124 + j. List the prime factors of b.
3, 5
Let b(y) = 884*y**2 - 105*y + 549. What are the prime factors of b(6)?
3, 3527
What are the prime factors of (-1833)/(-9) + ((-48)/120 - (-38)/(-30))?
2, 101
Let f(p) = p**2 - 21*p + 32. Let z be f(19). List the prime factors of (4695/45)/((-1)/z).
2, 313
Let r = -5 - 34. Let h = -35 - r. Suppose -564 = -4*m + 4*p, -p + 6 = -h*p. List the prime factors of m.
139
Suppose -3*g + 110 = 8*g + 11*g. Let w(r) = r**2 + 5*r + 6. Let m be w(-4). Suppose -116 = -m*d - 4*v, 3*v = -g*d - 2*v + 285. What are the prime factors of d?
2, 7
Let p(l) = l**2 - 7*l + 2. Let z be p(9). List the prime factors of 2/(-5) + 6568/z.
2, 41
List the prime factors of (-1785)/476 - 108734/(-8).
2, 43, 79
Suppose 40*m = -102*m + 1307394. What are the prime factors of m?
3, 11, 31
Let d be (-15)/6 - (-504)/(-16). Let o = 191 + d. List the prime factors of o.
157
Suppose -62*o = -63*o + 23. List the prime factors of (0 - 1)*o*-2.
2, 23
Let h = -85 - -60. Let n be -3 - 14/(-4) - h/10. Suppose n*s - 475 = -2*s. What are the prime factors of s?
5, 19
List the prime factors of (-2 - -3)/((-6)/(-96) + (-5395)/86960).
2, 1087
Let l(g) = -g**2 - 51*g + 2. Let c = -186 - -164. What are the prime factors of l(c)?
2, 5
Let z = -348 - -724. Let u = z - 64. What are the prime factors of u?
2, 3, 13
Suppose 406 = 7*h - 112. Let w = h + -68. What are the prime factors of w?
2, 3
Let i = -579 + 1247. Let m = 962 - i. List the prime factors of m.
2, 3, 7
Let n be 30/(-4)*2/3. Let d(u) = u**2 - 8*u + 7. Let m be d(7). List the prime factors of (-1 + m)/(n/(-560)*-2).
2, 7
Suppose 0 = -262*m + 257*m + 10595. List the prime factors of m.
13, 163
Let l be (8/28 - (-80)/14)/(-1). Let t be 32 - (4 - (-6)/l). Suppose b - t = 5*n - 6*n, -3*n - 5*b + 79 = 0. What are the prime factors of n?
3, 11
Suppose b + 2*o = 10694, 3*b + 13*o = 9*o + 32092. What are the prime factors of b?
2, 3, 223
Suppose 690*i = 697*i - 63. Suppose y - j = 388, -4*y - 8*j + i*j + 1561 = 0. List the prime factors of y.
17, 23
Let z = -368 - -385. Suppose -g = 5*o - 5250, -4*g = 16*o - z*o + 1029. List the prime factors of o.
1049
Let a be (820/(-6))/((-17)/969). Suppose 25*o + 1465 = a. List the prime factors of o.
11, 23
Let x = -12146 - -17282. What are the prime factors of x?
2, 3, 107
Let s(y) be the first derivative of 16/3*y**3 - 3/2*y**2 + 37 + 6*y. List the prime factors of s(3).
3, 47
Suppose 7*q - 618 = 5563. Let x = -598 + q. What are the prime factors of x?
3, 5, 19
Let s(x) = -91*x + 193. Let r be s(-9). Suppose -3*h = -5626 + r. What are the prime factors of h?
2, 769
Suppose -1541 = -b - 3*y + 146, -3*b + 5069 = 5*y. Suppose -4*k - 88 = 2*t - 1778, b = 4*k + 5*t. List the prime factors of k.
2, 211
Suppose 10*m = 15*m - 30. Suppose -25*n = -22*n - m. Suppose l - t = 4*t + 119, 214 = n*l - 2*t. What are the prime factors of l?
2, 13
Suppose 6*y - 11*y = -2*t + 8682, -4341 = -t - 3*y. What are the prime factors of t?
3, 1447
Suppose 46*p - 3*s = 45*p + 10686, 10726 = p + 5*s. List the prime factors of p.
3, 29, 41
Let w be 4/((-72)/(-3190)) + -1 + (-42)/(-54). Suppose -5*y + 43 = i, 0 = i - 5*i + y + 67. Suppose 14*u + 12 = i*u, 5*m + 4*u = w. List the prime factors of m.
3, 11
Suppose 3*k = -4*m + 569, 0*m - 148 = -m + 5*k. What are the prime factors of m/(-8 + (-175)/(-21))?
3, 11, 13
Let l(f) = 5*f**2 + 18*f - 19. Let z(w) = -8*w**2 - 36*w + 39. Let o(m) = 5*l(m) + 3*z(m). List the prime factors of o(23).
137
Suppose -3*r + 1 = -4*c, 0 = 2*r - 5*c + 15 - 11. Let q = 127 + 48. List the prime factors of q - 3/((-9)/r).
2, 11
Let j = -2560 + 1718. Let u = 2656 + j. List the prime factors of u.
2, 907
Suppose -9*d + 1768 + 14144 = 0. What are the prime factors of d?
2, 13, 17
Suppose 0*p = -7*p + 5586. Suppose 3*s = 300 + p. List the prime factors of s.
2, 3, 61
Suppose 26*w - 31*w + 139 = 414. Let h be 101 - (1 + -3)*-1. Let q = w + h. What are the prime factors of q?
2